est common factor of i and 175?
25
Let v(p) = p - 13. Let b be 18 - (-4 - 0 - -3). Let i be v(b). Calculate the greatest common divisor of 42 and i.
6
Suppose -5*r + 3 = 2*d - 15, -41 = -3*d - 4*r. Suppose 2*y - 2*w = 6*y - 600, -2*y + w + 308 = 0. What is the greatest common factor of y and d?
19
Let w(a) = -a + 14. Let q be w(10). Let c = 3 + q. Let d be (14/3)/(4/30). What is the highest common divisor of c and d?
7
Suppose 110 = 9*b + 2*b. Let o be 0 + b/1 + 4. What is the highest common divisor of 14 and o?
14
Suppose 212*i + 1836 = 216*i. Calculate the highest common divisor of i and 102.
51
Suppose 0 = -s - 12*s + 78. Let b be (12/3*1)/1. Suppose -b*d = -d - 144. Calculate the highest common divisor of d and s.
6
Let r(f) = -36*f. Let n be r(-1). Suppose 5*o - o = 160. Suppose 4*y - o = 8. What is the greatest common factor of y and n?
12
Let p = -1929 + 3350. What is the greatest common divisor of p and 49?
49
Suppose 0 = -37*p + 860 + 694. Calculate the greatest common divisor of p and 448.
14
Suppose -2*u - 2*u = -2*h + 522, 0 = 2*h - 10. Let m be (3/2)/((-6)/u). What is the highest common factor of 16 and m?
16
Suppose -4*m + 580 - 199 = -5*g, -2*g = -m + 93. What is the greatest common divisor of m and 54?
9
Let y(m) = 9*m - 3 - 1 + 3 + 2. Let g = -54 + 61. Let t be y(g). Calculate the greatest common factor of t and 16.
16
Let h be (-4114)/(-154) - (-4)/14. Suppose 32*s - 260 = h*s. What is the highest common divisor of 130 and s?
26
Suppose -7*b + 11*b + a - 55 = 0, 5*a - 51 = -4*b. What is the highest common divisor of 26 and b?
2
Suppose 0 = -b + 46 + 1. Let h = b - 41. Suppose 4*p + 0*p = 8. What is the highest common factor of h and p?
2
Suppose 2*v + 7 = p, -13 = -v - 2*p - 3*p. Let f = v - -92. What is the highest common divisor of f and 10?
10
Let o(h) = 2*h + 108. Let f be o(-38). Calculate the greatest common divisor of f and 24.
8
Let d(u) = 2*u - 3. Let r be d(4). Let w be ((-184)/6)/(3*(-6)/27). Let z = 48 - w. What is the greatest common factor of z and r?
1
Let u(w) = w**2 + 2*w - 18. Let v be u(9). What is the highest common divisor of 54 and v?
27
Suppose 4*v = 39 + 17. Let z = v + 2. Let g = 233 - 89. Calculate the greatest common divisor of g and z.
16
Let l be (-1)/(5/(2 + -497)). Suppose -21 = 3*o - l. What is the greatest common divisor of 39 and o?
13
Suppose -18 = -3*k - 0*k. Suppose 20 = -25*v + 29*v. Let t be (2/v)/((-6)/(-60)). Calculate the highest common factor of k and t.
2
Suppose -99*n + 241*n - 142 = 0. Suppose 4*s = -0*s + 36. Suppose v - j - s = 0, v - 3*j - 19 = -v. What is the highest common divisor of v and n?
1
Suppose -4*s = -o - 401, -3*s - 4*o + 0*o = -296. Suppose -229 = 64*w - 2789. What is the highest common divisor of s and w?
20
Let p = 441 + -281. What is the greatest common factor of 24 and p?
8
Let b = 97 - 95. Let o be 96/20*(-20)/(-6). What is the greatest common divisor of o and b?
2
Suppose 39*c - 34*c - 748 = -3*s, 628 = 4*c - 5*s. What is the greatest common divisor of 8 and c?
8
Let z be 20/(2 - 15/(-40)*-4). What is the highest common divisor of 10 and z?
10
Suppose f - 5*c + 18 = 0, -4*f - 3*c = -10 - 10. Suppose 53 + f = 5*k. Suppose -368 - 237 = -5*r. What is the greatest common factor of k and r?
11
Suppose 5*z - 2*f - 3 - 75 = 0, -3*z + 5*f = -62. Let b be (-10)/(-45) + z/18 - -5. Calculate the greatest common factor of b and 66.
6
Let p be (-18)/4*4480/(-84). Calculate the greatest common factor of p and 80.
80
Let c(q) = 5*q - 5. Let v be c(2). Suppose 20 = v*x - 25. Suppose -3*d + x*d = 138. Calculate the greatest common factor of d and 184.
23
Let w be (884/(-6))/((-6)/9). What is the greatest common factor of w and 51?
17
Let n = 21 - 11. Suppose n = 4*q - 2. Suppose 5 = -q*z + 35. Calculate the greatest common factor of 90 and z.
10
Let o(w) = -2*w**2 + 28*w - 10. Let s be o(13). Let f = -8 - -88. Suppose -3*g - f = -8*g. Calculate the highest common divisor of g and s.
16
Let f be (57 - 50)*((-156)/(-7))/1. Calculate the greatest common factor of 208 and f.
52
Let d = 346 + -332. What is the greatest common divisor of d and 448?
14
Let p = 1156 - 605. Calculate the highest common divisor of 58 and p.
29
Let r = -317 + 352. Calculate the greatest common divisor of 280 and r.
35
Let g = -13 + 21. Suppose 16 = 3*k - 47. Let c = k - g. What is the highest common factor of 143 and c?
13
Let z = -95 + 11. Let c = z + 99. What is the highest common factor of c and 75?
15
Let y(o) = -25*o**2 + 3*o + 1. Let c be y(-1). Let f = -16 - c. What is the highest common divisor of f and 11?
11
Let n(d) = d**3 - 8*d**2 - 9*d + 5. Let b be n(9). Suppose -b*o = -54 - 56. Calculate the greatest common divisor of 33 and o.
11
Let v be -2*(-6)/3*-4. Let b = v - -26. Let n = -208 + 218. What is the greatest common factor of n and b?
10
Suppose -170 - 150 = -5*v. Suppose 0*r + v = r - j, -5*j + 224 = 3*r. What is the highest common factor of 170 and r?
34
Suppose -4*s + 40 = -104. What is the highest common factor of 180 and s?
36
Suppose 13*n = -8*n + 1764. What is the highest common divisor of n and 378?
42
Suppose -9*s + 739 - 132 = 40. Suppose -3*w + 27 = -0*w. What is the greatest common factor of w and s?
9
Let p be 9/12*-2*(-1248)/234. What is the highest common factor of 2472 and p?
8
Let q be (-14)/(-21) + 1396/(-6). Let p = q + 482. Suppose -p = -h - h. What is the greatest common factor of 25 and h?
25
Let p be 14*(3 + 1 + -3). Let q(n) = n + 62. Let z be q(-20). What is the highest common factor of p and z?
14
Let p be (1408/(-32))/(1*-2). Let k be 2/(4/(-5))*-2. Suppose 0 = -k*n - 0*n + 10. Calculate the highest common divisor of n and p.
2
Let z be (-2)/4 - (-15)/(-2). Let t = z + -5. Let r = 27 + t. Calculate the highest common factor of r and 112.
14
Let k be (-6)/(-15) - ((-5634)/15 - 4). Calculate the highest common divisor of k and 20.
20
Suppose -4*j + l + 0*l = 500, -2*j - 5*l = 272. Let c = -115 - j. What is the greatest common divisor of c and 11?
11
Suppose b - 2 = -3*a + 5, 5*a = b - 39. Let g = 34 - b. Let h = 233 - 128. Calculate the greatest common factor of h and g.
15
Let c = -3 - -12. Let x be (-20)/6 - 6/c. Let m be (-1)/(2/(-10)) - x. Calculate the greatest common factor of m and 9.
9
Let u(q) = q**3 + 4*q**2 - 5*q - 5. Let v be u(-4). Suppose 5*h + 4*d - 178 = 0, h + 0*h - 5*d = -5. What is the highest common factor of v and h?
15
Let z(q) = -5*q**3 + q**2 + q - 1. Suppose 0*a = -5*a + 10. Let x be z(a). Let k be (-2)/((-65)/x + -2). What is the highest common factor of 2 and k?
2
Let d be (-1)/((-15)/93) + (-2)/10. Suppose 3*u - 3*n - 264 = 0, u + d*n - 96 = 3*n. What is the greatest common factor of 10 and u?
10
Let i be (-1)/((-3)/(-390)*-2). What is the greatest common factor of i and 5?
5
Let d be (6/4 - 2)*-6. Let i = -20 + 23. Suppose d*v + 0 = i. What is the highest common divisor of v and 5?
1
Suppose 425*y = 436*y - 154. What is the highest common divisor of 1372 and y?
14
Let n(i) = 4*i**3 - 2*i**2 - 2*i + 3. Let c be n(1). Suppose -2*a + 12 = -a. Calculate the greatest common divisor of c and a.
3
Let n(j) = j**3 + 32*j**2 - 84*j - 120. Let k be n(-34). What is the highest common divisor of 40 and k?
8
Suppose -5 = 2*z - h, 5*z - z = -h - 7. Let i(c) = -4*c**3 - 2*c**2 - 4*c - 4. Let q be i(z). Calculate the greatest common factor of q and 7.
7
Let j = -941 + 1391. Calculate the greatest common divisor of 5 and j.
5
Suppose 0 = 4*k + 2*k + 216. Let y be 8/k + 3608/36. Calculate the highest common factor of y and 25.
25
Suppose 9 - 273 = -22*l. Let v be (-8 - (-1 + 1))/(-1). What is the highest common factor of l and v?
4
Suppose v + 3*o - 1 = 0, -3*v - 5*o - 5 = -24. Calculate the greatest common factor of 1391 and v.
13
Suppose 0 = 4*d - 8*d + 364. Let l = 30 - 17. Calculate the greatest common divisor of d and l.
13
Let u(z) be the first derivative of 2*z**3/3 - 3*z**2/2 - 23*z + 17. Let l be u(10). Calculate the highest common divisor of 21 and l.
21
Suppose 6*j - 69 = 21. Let a be -1 + 1 + -2 + 4. Suppose 3*n + 5*t = 70, -n + a*t = -2*n + 22. Calculate the greatest common factor of j and n.
15
Let n be 2/(-4)*58*(-23)/1. What is the greatest common divisor of 23 and n?
23
Let r be -1 - 8/(-14) - 1725/(-105). Let q = -33 - -49. What 